t g be b(7). Let r be (-5)/g + 6/(-9). What is the units digit of r/(-4) - (-9)/4?
2
Suppose -20*g + 23*g - 5840 = t, 2*g + 4*t - 3912 = 0. What is the units digit of g?
8
Let i(c) = 22*c**2 + 7*c + 6. What is the units digit of i(-1)?
1
Suppose 0 = -2*y + 3*o + 3273, -y + 5*o + 1647 = -0*o. What is the units digit of y?
2
Let w(m) be the second derivative of -4*m**2 - 3*m + 1/6*m**4 + 0 + 0*m**3. What is the units digit of w(-5)?
2
Suppose -8*k + 168 - 16 = 0. Suppose -k*l + 21*l = 48. What is the units digit of l?
4
Let k = -937 + 1647. What is the tens digit of k?
1
Suppose 2*j + 1 = 5*d - 39, 55 = 5*d + j. Suppose 4*x - y = -d, 3*x + y + 13 = -y. Let s(q) = -4*q - 2. What is the units digit of s(x)?
0
What is the tens digit of (-3099)/(-24)*(-224)/(-28)?
3
Let c be ((-30)/(-40))/(1/44). Let n(o) = o**2 + o + 52. Let h be n(0). Let p = h - c. What is the units digit of p?
9
Let y = -2151 + 5732. What is the thousands digit of y?
3
Let k(z) = 2*z**3 - 38*z**2 + 22*z + 34. What is the hundreds digit of k(20)?
2
Let w(u) = 127*u + 1. Let k be w(1). Suppose k = 4*i + 4*q, -87 = -4*i - q + 50. Let g = -3 + i. What is the tens digit of g?
3
Let j be 12*(4 - 1 - 4). What is the units digit of (j/(-9))/(-4)*-6?
2
Let s(o) = 8 - 2*o**2 + o**2 - 19 + o. Let x be s(0). Let u = x + 24. What is the tens digit of u?
1
Let z = 3045 + -2016. What is the hundreds digit of z?
0
Suppose -4 + 14 = f. Let w = -6 + f. Suppose 2*k = -5*a + 45, w*k - 75 = 3*a + 2*a. What is the tens digit of k?
2
Let j(b) = b**2 - 13*b - 30. Let s be j(15). What is the units digit of -2 + 0/(-2) + 23 + s?
1
Let t = 50 + -25. Let k be ((-40)/t)/((-4)/10). Suppose -73 = -k*h - 21. What is the tens digit of h?
1
Suppose -4*b - 10 = b. What is the tens digit of (-38)/(-4) + b*1/(-4)?
1
Suppose 4*d - 7746 = -4*v - 2666, 0 = -2*v + 2*d + 2552. What is the tens digit of v?
7
Suppose -2 = -5*r + 4*r. Suppose -2*w = r*w - 2*h - 312, -w + h + 80 = 0. What is the units digit of w?
6
Let k = 6 - 0. Let q(m) = -m + 9. Let b be q(k). Suppose -b*v = -w - 2*w - 138, -3*v = w - 130. What is the tens digit of v?
4
Let d(v) = -v + 22. Suppose 41 = -3*r + 8. What is the units digit of d(r)?
3
Let w be (5/3 - 2)*-15. Let t(z) = -3*z + 2*z**2 - z**2 - w*z + 11. What is the tens digit of t(8)?
1
Let j(f) = 29*f + 2. Let o(s) = -29*s - 2. Suppose 2*h - 5 = n + h, 5*h - 13 = -n. Let y(c) = n*o(c) - 3*j(c). What is the tens digit of y(-1)?
2
Suppose -z + 3*z - 4 = 0. Suppose 5*q - 8 = i - 0*i, 8 = z*i + 2*q. What is the units digit of (-82)/(-2)*2/i?
1
Let a(c) = c**3 - 5*c**2 + 6*c - 6. Let k be a(4). Suppose -2 = -2*s + k. Suppose -3*o + 6*o + 9 = 0, 0 = -5*l + s*o + 151. What is the units digit of l?
9
Let v = -221 + 315. Let w = -52 + v. Suppose -3*d + 0*d + 53 = 2*o, 0 = 2*d - 2*o - w. What is the units digit of d?
9
Suppose 45 = 6*x - x. Let l(k) = k + 6. What is the tens digit of l(x)?
1
Let z = 23 - 27. Let j be (-11)/(-2) + 2/z. Suppose 2*t - 5*x - 76 = 0, 3*x - 9 = -j*t + 119. What is the units digit of t?
8
Let k(p) = 10*p - 37. Let t be k(6). Let f = t - -115. What is the units digit of f?
8
Let h = -19 + -42. Let l = h + 174. What is the units digit of l?
3
Let v(a) be the second derivative of a**4/12 + 2*a**3/3 - 3*a**2/2 + 8*a. Let t be v(-9). Let p = 73 - t. What is the tens digit of p?
3
Let f(a) = -a**2 + a + 46. Let h be (-1 - (-2 + 1))/1. What is the tens digit of f(h)?
4
Let y = -20 - -24. Suppose y*l - 169 = -6*s + 3*s, 2*s + 34 = l. What is the tens digit of l?
4
What is the units digit of (-2)/4 - (-22)/8*86?
6
Let k = -13 + 13. Suppose -5*a - 20 = 0, 215 = -k*v + 5*v + 5*a. Suppose 5*r - 2 = 2*c - v, 3*c - 60 = 5*r. What is the units digit of c?
5
Suppose 4*s = 2*s - 24. Let c = 23 + s. What is the tens digit of c?
1
Let i be ((-42)/(-9) - 2)*21. Suppose -2*z + i = 2*j + 2*z, 4*z = 2*j - 24. What is the units digit of j?
0
Let q(l) = 5*l**2 - 5 - l**3 + 2*l**3 - 2 - 5*l + 1. Let t = -2 - 3. What is the tens digit of q(t)?
1
Suppose -i = 4*d - 16627, -5*d + 3*i + 2*i + 20815 = 0. What is the thousands digit of d?
4
Suppose 0 = 5*s - v - 14, -3 + 2 = -s + 2*v. Suppose s*n = 2*n + 6. Suppose -j = -4, -5*i + n = -2*j - 16. What is the units digit of i?
6
Let z be (1 + 0)/((-5)/(-15)). Suppose -z*a + 2*a + 4 = 0. Suppose -d - 4*r = 10, -2*d + a*r = -d - 14. What is the units digit of d?
2
Let o(x) = 59*x**2 - 2*x - 8. What is the tens digit of o(-3)?
2
Let n be (-8 - -8) + (-522)/(-2). Suppose -6*b + 183 = -n. What is the tens digit of b?
7
Let o(r) = -2 + r**2 + 0*r**2 + 0*r**2. What is the units digit of o(10)?
8
Suppose 879 + 6139 = 22*u. What is the tens digit of u?
1
Let q be -1 - 0 - (-10)/1. Let z be 4/10*(3 + 2). Suppose 3*y - 20 - q = 5*m, -z*y = 4*m + 10. What is the units digit of y?
3
Let b = 12 - 9. Let j = b + 4. Suppose j*p = 5*p + 50. What is the units digit of p?
5
Let p(m) = 2*m - 8. Let o be p(5). Suppose z = 5*d + o*z - 32, 4*d - 18 = 3*z. What is the units digit of d?
6
Suppose -1286 - 595 = -19*g. Let u be 2*1*(-146)/(-4). Suppose -u - g = -4*y. What is the units digit of y?
3
Let t(m) = -7*m**3 + 7*m**2 - m + 31. What is the units digit of t(-5)?
6
Suppose 0 = -13*d - 7212 + 30768. What is the hundreds digit of d?
8
Let a = 16 + -13. Let c be a - 0 - 28/(-2). Suppose 2*o + 3*d - 8 = -1, 0 = -o + 3*d + c. What is the units digit of o?
8
Suppose -119 = -5*a - 2*b, b = -5*a + 140 - 18. What is the units digit of a?
5
Let x = 37 - 40. What is the units digit of (1/x)/((-3)/378*3)?
4
Suppose 7*l - 104 = 3*l. Let b = -20 + l. Let u(o) = -o**2 + 10*o - 1. What is the units digit of u(b)?
3
What is the tens digit of (-1436*2/12)/((-1)/3)?
1
Let j be 2*(-3)/6 + 41. Let t = -25 + j. Suppose 5*b - t = 10. What is the units digit of b?
5
Suppose -3 = -10*r - 13. What is the units digit of ((-10)/15*r)/(1/270)?
0
Let c(h) be the third derivative of -h**6/120 + h**5/10 + h**4/12 + h**3/6 - 2*h**2 + h. What is the hundreds digit of c(-5)?
2
Suppose m + m = 10. Let x = 0 + m. Suppose -6*z = -z - x. What is the units digit of z?
1
Let l(h) = -9*h + 196. What is the units digit of l(0)?
6
Let p(t) = 43*t**2 + 6*t - 6. What is the tens digit of p(1)?
4
Let y(c) = c**3 - 12*c**2 - 13*c + 10. Let j be y(14). Let v = j - 103. What is the hundreds digit of v?
1
Let t = 55 - -27. What is the units digit of t?
2
Let a(v) = 69*v**2 + 42*v - 123. What is the hundreds digit of a(3)?
6
Let w(r) = -6 + r + 4*r + 0*r - 4*r. Let p be w(6). Suppose 0 = -5*n + g + 79, -5*n + p*n = 2*g - 82. What is the units digit of n?
6
Suppose 8 = -4*y, 277*x + 3*y + 3508 = 278*x. What is the thousands digit of x?
3
Suppose -5*d = 3*d - 80. Let a = -5 + 15. Suppose 4*m = -j + a, 3*j - 4*j + d = 5*m. What is the units digit of j?
0
Suppose 378 = 4*s - 202. Suppose -4*p = -2*l + 274, l + 0*l - s = -2*p. What is the units digit of l?
1
What is the tens digit of (-18)/(-48)*-4*-234?
5
Let h(y) = 3*y**2 - 57*y - 53. What is the hundreds digit of h(32)?
1
Let l(a) = 100*a + 69. What is the tens digit of l(12)?
6
Let z(s) = 4*s**2 + 39*s + 1. What is the tens digit of z(-11)?
5
Let l(n) be the second derivative of -5*n**3/6 - 2*n**2 - 4*n. Let d be l(-3). What is the units digit of 64/6 + d/33?
1
Suppose 5*l + f - 7 = 0, 2*f - 1 = -l - 5. Suppose -49 - 10 = -d + l*a, 3*d + 3*a = 168. What is the tens digit of d?
5
Let v(r) = 8*r + 4. Let k be 0*(2 - 3) + 6. Let l be v(k). Suppose -2*n - 4*d = -32 + 12, -3*n + 5*d + l = 0. What is the tens digit of n?
1
What is the units digit of (2/(-8))/(-4*(-3)/(-1776))?
7
Let a(d) = -4*d + 102. What is the units digit of a(-19)?
8
Let c(h) = 4*h**2 + h. Suppose 6*n = 8*n - 2. Let k be c(n). What is the units digit of (5/(k/11))/1?
1
Let q(z) = 4*z**3 - 2*z**2 - z + 2. Let m be q(1). Suppose 0 = -p - s + 3, -p + m*p + s = 5. Suppose 114 = p*y - 0*y. What is the tens digit of y?
5
Suppose 5*q = -4*g + 4950, -2*g - 3122 + 174 = -3*q. What is the hundreds digit of q?
9
Suppose 272 = -4*z - 0*z. Suppose 4*q = -4*v + 2*v - 6, q - 39 = 4*v. What is the tens digit of -4 - v - 2 - z?
7
Let g be 71/(-1) + (1 - 1). Let v = -52 - g. What is the tens digit of v?
1
Suppose 0 = -0*v + v - u - 6, -2*v - 3 = 3*u. What is the tens digit of 142 + -1 - (2 - (0 + v))?
4
Let i = 1769 - 1247. What i